{"id":1337,"date":"2023-08-25T20:42:17","date_gmt":"2023-08-26T01:42:17","guid":{"rendered":"https:\/\/premioalmeritoempresarial.com\/?page_id=1337"},"modified":"2024-03-05T10:29:19","modified_gmt":"2024-03-05T15:29:19","slug":"boletines","status":"publish","type":"page","link":"https:\/\/premioalmeritoempresarial.com\/index.php\/boletines\/","title":{"rendered":"Boletines"},"content":{"rendered":"\t\t<div data-elementor-type=\"wp-page\" data-elementor-id=\"1337\" class=\"elementor elementor-1337\" data-elementor-post-type=\"page\">\n\t\t\t\t\t\t<section class=\"elementor-section elementor-top-section elementor-element elementor-element-e97bcbb elementor-section-full_width elementor-section-stretched elementor-section-height-min-height elementor-section-items-top elementor-section-height-default wpr-particle-no wpr-jarallax-no wpr-parallax-no wpr-sticky-section-no wpr-equal-height-no\" data-id=\"e97bcbb\" data-element_type=\"section\" data-e-type=\"section\" data-settings=\"{&quot;stretch_section&quot;:&quot;section-stretched&quot;}\">\n\t\t\t\t\t\t<div class=\"elementor-container elementor-column-gap-wider\">\n\t\t\t\t\t<div class=\"elementor-column elementor-col-100 elementor-top-column elementor-element elementor-element-f24c7b7\" data-id=\"f24c7b7\" data-element_type=\"column\" data-e-type=\"column\">\n\t\t\t<div class=\"elementor-widget-wrap\">\n\t\t\t\t\t\t\t<\/div>\n\t\t<\/div>\n\t\t\t\t\t<\/div>\n\t\t<\/section>\n\t\t\t\t<\/div>\n\t\t","protected":false},"excerpt":{"rendered":"<p>Universidad Sim\u00f3n Bol\u00edvar conmemora el centenario del natalicio de su fundador, Jos\u00e9 Consuegra Higgins. Leer m\u00e1s 30 enero, 2024 Conozca a los ganadores del Premio al M\u00e9rito Empresarial 2023 Leer m\u00e1s 8 noviembre, 2023 Bolet\u00edn de Expectativa \u2013 Ceremonia Nacional de Premiaci\u00f3n NOV 08 DE 2023 Leer m\u00e1s 1 noviembre, 2023 Bolet\u00edn de Ganadores Premio al M\u00e9rito Empresarial Unisim\u00f3n &#8211; Cap\u00edtulo Regional Norte de Santander 2023 Leer m\u00e1s 21 septiembre, 2023 Bolet\u00edn de Cierre de Inscripciones XIV versi\u00f3n del Premio al M\u00e9rito Empresarial Leer m\u00e1s 1 agosto, 2023 Bolet\u00edn de Apertura de Inscripciones XIV versi\u00f3n del Premio al M\u00e9rito Empresarial Leer m\u00e1s 21 marzo, 2023<\/p>\n","protected":false},"author":2,"featured_media":0,"parent":0,"menu_order":0,"comment_status":"closed","ping_status":"closed","template":"","meta":{"site-sidebar-layout":"no-sidebar","site-content-layout":"page-builder","ast-site-content-layout":"default","site-content-style":"default","site-sidebar-style":"default","ast-global-header-display":"","ast-banner-title-visibility":"","ast-main-header-display":"","ast-hfb-above-header-display":"","ast-hfb-below-header-display":"","ast-hfb-mobile-header-display":"","site-post-title":"disabled","ast-breadcrumbs-content":"","ast-featured-img":"disabled","footer-sml-layout":"","theme-transparent-header-meta":"","adv-header-id-meta":"","stick-header-meta":"","header-above-stick-meta":"","header-main-stick-meta":"","header-below-stick-meta":"","astra-migrate-meta-layouts":"set","ast-page-background-enabled":"default","ast-page-background-meta":{"desktop":{"background-color":"var(--ast-global-color-4)","background-image":"","background-repeat":"repeat","background-position":"center center","background-size":"auto","background-attachment":"scroll","background-type":"","background-media":"","overlay-type":"","overlay-color":"","overlay-opacity":"","overlay-gradient":""},"tablet":{"background-color":"","background-image":"","background-repeat":"repeat","background-position":"center center","background-size":"auto","background-attachment":"scroll","background-type":"","background-media":"","overlay-type":"","overlay-color":"","overlay-opacity":"","overlay-gradient":""},"mobile":{"background-color":"","background-image":"","background-repeat":"repeat","background-position":"center center","background-size":"auto","background-attachment":"scroll","background-type":"","background-media":"","overlay-type":"","overlay-color":"","overlay-opacity":"","overlay-gradient":""}},"ast-content-background-meta":{"desktop":{"background-color":"var(--ast-global-color-5)","background-image":"","background-repeat":"repeat","background-position":"center center","background-size":"auto","background-attachment":"scroll","background-type":"","background-media":"","overlay-type":"","overlay-color":"","overlay-opacity":"","overlay-gradient":""},"tablet":{"background-color":"var(--ast-global-color-5)","background-image":"","background-repeat":"repeat","background-position":"center center","background-size":"auto","background-attachment":"scroll","background-type":"","background-media":"","overlay-type":"","overlay-color":"","overlay-opacity":"","overlay-gradient":""},"mobile":{"background-color":"var(--ast-global-color-5)","background-image":"","background-repeat":"repeat","background-position":"center center","background-size":"auto","background-attachment":"scroll","background-type":"","background-media":"","overlay-type":"","overlay-color":"","overlay-opacity":"","overlay-gradient":""}},"_themeisle_gutenberg_block_has_review":false,"_joinchat":[],"footnotes":""},"class_list":["post-1337","page","type-page","status-publish","hentry"],"yoast_head":"<!-- This site is optimized with the Yoast SEO plugin v27.3 - https:\/\/yoast.com\/product\/yoast-seo-wordpress\/ -->\n<title>Boletines - Premio al M\u00e9rito Empresarial<\/title>\n<meta name=\"robots\" content=\"index, follow, max-snippet:-1, max-image-preview:large, max-video-preview:-1\" \/>\n<link rel=\"canonical\" href=\"https:\/\/premioalmeritoempresarial.com\/index.php\/boletines\/\" \/>\n<meta property=\"og:locale\" content=\"es_ES\" \/>\n<meta property=\"og:type\" content=\"article\" \/>\n<meta property=\"og:title\" content=\"Boletines - Premio al M\u00e9rito Empresarial\" \/>\n<meta property=\"og:description\" content=\"Universidad Sim\u00f3n Bol\u00edvar conmemora el centenario del natalicio de su fundador, Jos\u00e9 Consuegra Higgins. Leer m\u00e1s 30 enero, 2024 Conozca a los ganadores del Premio al M\u00e9rito Empresarial 2023 Leer m\u00e1s 8 noviembre, 2023 Bolet\u00edn de Expectativa \u2013 Ceremonia Nacional de Premiaci\u00f3n NOV 08 DE 2023 Leer m\u00e1s 1 noviembre, 2023 Bolet\u00edn de Ganadores Premio al M\u00e9rito Empresarial Unisim\u00f3n &#8211; Cap\u00edtulo Regional Norte de Santander 2023 Leer m\u00e1s 21 septiembre, 2023 Bolet\u00edn de Cierre de Inscripciones XIV versi\u00f3n del Premio al M\u00e9rito Empresarial Leer m\u00e1s 1 agosto, 2023 Bolet\u00edn de Apertura de Inscripciones XIV versi\u00f3n del Premio al M\u00e9rito Empresarial Leer m\u00e1s 21 marzo, 2023\" \/>\n<meta property=\"og:url\" content=\"https:\/\/premioalmeritoempresarial.com\/index.php\/boletines\/\" \/>\n<meta property=\"og:site_name\" content=\"Premio al M\u00e9rito Empresarial\" \/>\n<meta property=\"article:modified_time\" content=\"2024-03-05T15:29:19+00:00\" \/>\n<meta property=\"og:image\" content=\"https:\/\/premioalmeritoempresarial.com\/wp-content\/uploads\/2024\/01\/fundador-225x300.jpg\" \/>\n<meta name=\"twitter:card\" content=\"summary_large_image\" \/>\n<meta name=\"twitter:label1\" content=\"Tiempo de lectura\" \/>\n\t<meta name=\"twitter:data1\" content=\"2 minutos\" \/>\n<script type=\"application\/ld+json\" class=\"yoast-schema-graph\">{\"@context\":\"https:\\\/\\\/schema.org\",\"@graph\":[{\"@type\":\"WebPage\",\"@id\":\"https:\\\/\\\/premioalmeritoempresarial.com\\\/index.php\\\/boletines\\\/\",\"url\":\"https:\\\/\\\/premioalmeritoempresarial.com\\\/index.php\\\/boletines\\\/\",\"name\":\"Boletines - Premio al M\u00e9rito Empresarial\",\"isPartOf\":{\"@id\":\"https:\\\/\\\/premioalmeritoempresarial.com\\\/#website\"},\"primaryImageOfPage\":{\"@id\":\"https:\\\/\\\/premioalmeritoempresarial.com\\\/index.php\\\/boletines\\\/#primaryimage\"},\"image\":{\"@id\":\"https:\\\/\\\/premioalmeritoempresarial.com\\\/index.php\\\/boletines\\\/#primaryimage\"},\"thumbnailUrl\":\"https:\\\/\\\/premioalmeritoempresarial.com\\\/wp-content\\\/uploads\\\/2024\\\/01\\\/fundador-225x300.jpg\",\"datePublished\":\"2023-08-26T01:42:17+00:00\",\"dateModified\":\"2024-03-05T15:29:19+00:00\",\"breadcrumb\":{\"@id\":\"https:\\\/\\\/premioalmeritoempresarial.com\\\/index.php\\\/boletines\\\/#breadcrumb\"},\"inLanguage\":\"es-CO\",\"potentialAction\":[{\"@type\":\"ReadAction\",\"target\":[\"https:\\\/\\\/premioalmeritoempresarial.com\\\/index.php\\\/boletines\\\/\"]}]},{\"@type\":\"ImageObject\",\"inLanguage\":\"es-CO\",\"@id\":\"https:\\\/\\\/premioalmeritoempresarial.com\\\/index.php\\\/boletines\\\/#primaryimage\",\"url\":\"https:\\\/\\\/premioalmeritoempresarial.com\\\/wp-content\\\/uploads\\\/2024\\\/01\\\/fundador.jpg\",\"contentUrl\":\"https:\\\/\\\/premioalmeritoempresarial.com\\\/wp-content\\\/uploads\\\/2024\\\/01\\\/fundador.jpg\",\"width\":1920,\"height\":2560,\"caption\":\"Jos\u00e9 Consuegra Higgins\"},{\"@type\":\"BreadcrumbList\",\"@id\":\"https:\\\/\\\/premioalmeritoempresarial.com\\\/index.php\\\/boletines\\\/#breadcrumb\",\"itemListElement\":[{\"@type\":\"ListItem\",\"position\":1,\"name\":\"Inicio\",\"item\":\"https:\\\/\\\/premioalmeritoempresarial.com\\\/\"},{\"@type\":\"ListItem\",\"position\":2,\"name\":\"Boletines\"}]},{\"@type\":\"WebSite\",\"@id\":\"https:\\\/\\\/premioalmeritoempresarial.com\\\/#website\",\"url\":\"https:\\\/\\\/premioalmeritoempresarial.com\\\/\",\"name\":\"Premio al M\u00e9rito Empresarial\",\"description\":\"El Premio al M\u00e9rito Empresarial \u2013 Universidad Sim\u00f3n Bol\u00edvar es el m\u00e1ximo reconocimiento que se entrega anualmente a las empresas y empresarios en el territorio nacional, dirigido a quienes con su trayectoria empresarial han demostrado ser modelos a seguir para los j\u00f3venes emprendedores de hoy.\",\"publisher\":{\"@id\":\"https:\\\/\\\/premioalmeritoempresarial.com\\\/#organization\"},\"alternateName\":\"PME\",\"potentialAction\":[{\"@type\":\"SearchAction\",\"target\":{\"@type\":\"EntryPoint\",\"urlTemplate\":\"https:\\\/\\\/premioalmeritoempresarial.com\\\/?s={search_term_string}\"},\"query-input\":{\"@type\":\"PropertyValueSpecification\",\"valueRequired\":true,\"valueName\":\"search_term_string\"}}],\"inLanguage\":\"es-CO\"},{\"@type\":\"Organization\",\"@id\":\"https:\\\/\\\/premioalmeritoempresarial.com\\\/#organization\",\"name\":\"Premio al M\u00e9rito Empresarial Universidad Sim\u00f3n Bol\u00edvar\",\"url\":\"https:\\\/\\\/premioalmeritoempresarial.com\\\/\",\"logo\":{\"@type\":\"ImageObject\",\"inLanguage\":\"es-CO\",\"@id\":\"https:\\\/\\\/premioalmeritoempresarial.com\\\/#\\\/schema\\\/logo\\\/image\\\/\",\"url\":\"https:\\\/\\\/premioalmeritoempresarial.com\\\/wp-content\\\/uploads\\\/2023\\\/08\\\/LOGO-PREMIO.webp\",\"contentUrl\":\"https:\\\/\\\/premioalmeritoempresarial.com\\\/wp-content\\\/uploads\\\/2023\\\/08\\\/LOGO-PREMIO.webp\",\"width\":199,\"height\":98,\"caption\":\"Premio al M\u00e9rito Empresarial Universidad Sim\u00f3n Bol\u00edvar\"},\"image\":{\"@id\":\"https:\\\/\\\/premioalmeritoempresarial.com\\\/#\\\/schema\\\/logo\\\/image\\\/\"}}]}<\/script>\n<!-- \/ Yoast SEO plugin. -->","yoast_head_json":{"title":"Boletines - Premio al M\u00e9rito Empresarial","robots":{"index":"index","follow":"follow","max-snippet":"max-snippet:-1","max-image-preview":"max-image-preview:large","max-video-preview":"max-video-preview:-1"},"canonical":"https:\/\/premioalmeritoempresarial.com\/index.php\/boletines\/","og_locale":"es_ES","og_type":"article","og_title":"Boletines - Premio al M\u00e9rito Empresarial","og_description":"Universidad Sim\u00f3n Bol\u00edvar conmemora el centenario del natalicio de su fundador, Jos\u00e9 Consuegra Higgins. Leer m\u00e1s 30 enero, 2024 Conozca a los ganadores del Premio al M\u00e9rito Empresarial 2023 Leer m\u00e1s 8 noviembre, 2023 Bolet\u00edn de Expectativa \u2013 Ceremonia Nacional de Premiaci\u00f3n NOV 08 DE 2023 Leer m\u00e1s 1 noviembre, 2023 Bolet\u00edn de Ganadores Premio al M\u00e9rito Empresarial Unisim\u00f3n &#8211; Cap\u00edtulo Regional Norte de Santander 2023 Leer m\u00e1s 21 septiembre, 2023 Bolet\u00edn de Cierre de Inscripciones XIV versi\u00f3n del Premio al M\u00e9rito Empresarial Leer m\u00e1s 1 agosto, 2023 Bolet\u00edn de Apertura de Inscripciones XIV versi\u00f3n del Premio al M\u00e9rito Empresarial Leer m\u00e1s 21 marzo, 2023","og_url":"https:\/\/premioalmeritoempresarial.com\/index.php\/boletines\/","og_site_name":"Premio al M\u00e9rito Empresarial","article_modified_time":"2024-03-05T15:29:19+00:00","og_image":[{"url":"https:\/\/premioalmeritoempresarial.com\/wp-content\/uploads\/2024\/01\/fundador-225x300.jpg","type":"","width":"","height":""}],"twitter_card":"summary_large_image","twitter_misc":{"Tiempo de lectura":"2 minutos"},"schema":{"@context":"https:\/\/schema.org","@graph":[{"@type":"WebPage","@id":"https:\/\/premioalmeritoempresarial.com\/index.php\/boletines\/","url":"https:\/\/premioalmeritoempresarial.com\/index.php\/boletines\/","name":"Boletines - Premio al M\u00e9rito Empresarial","isPartOf":{"@id":"https:\/\/premioalmeritoempresarial.com\/#website"},"primaryImageOfPage":{"@id":"https:\/\/premioalmeritoempresarial.com\/index.php\/boletines\/#primaryimage"},"image":{"@id":"https:\/\/premioalmeritoempresarial.com\/index.php\/boletines\/#primaryimage"},"thumbnailUrl":"https:\/\/premioalmeritoempresarial.com\/wp-content\/uploads\/2024\/01\/fundador-225x300.jpg","datePublished":"2023-08-26T01:42:17+00:00","dateModified":"2024-03-05T15:29:19+00:00","breadcrumb":{"@id":"https:\/\/premioalmeritoempresarial.com\/index.php\/boletines\/#breadcrumb"},"inLanguage":"es-CO","potentialAction":[{"@type":"ReadAction","target":["https:\/\/premioalmeritoempresarial.com\/index.php\/boletines\/"]}]},{"@type":"ImageObject","inLanguage":"es-CO","@id":"https:\/\/premioalmeritoempresarial.com\/index.php\/boletines\/#primaryimage","url":"https:\/\/premioalmeritoempresarial.com\/wp-content\/uploads\/2024\/01\/fundador.jpg","contentUrl":"https:\/\/premioalmeritoempresarial.com\/wp-content\/uploads\/2024\/01\/fundador.jpg","width":1920,"height":2560,"caption":"Jos\u00e9 Consuegra Higgins"},{"@type":"BreadcrumbList","@id":"https:\/\/premioalmeritoempresarial.com\/index.php\/boletines\/#breadcrumb","itemListElement":[{"@type":"ListItem","position":1,"name":"Inicio","item":"https:\/\/premioalmeritoempresarial.com\/"},{"@type":"ListItem","position":2,"name":"Boletines"}]},{"@type":"WebSite","@id":"https:\/\/premioalmeritoempresarial.com\/#website","url":"https:\/\/premioalmeritoempresarial.com\/","name":"Premio al M\u00e9rito Empresarial","description":"El Premio al M\u00e9rito Empresarial \u2013 Universidad Sim\u00f3n Bol\u00edvar es el m\u00e1ximo reconocimiento que se entrega anualmente a las empresas y empresarios en el territorio nacional, dirigido a quienes con su trayectoria empresarial han demostrado ser modelos a seguir para los j\u00f3venes emprendedores de hoy.","publisher":{"@id":"https:\/\/premioalmeritoempresarial.com\/#organization"},"alternateName":"PME","potentialAction":[{"@type":"SearchAction","target":{"@type":"EntryPoint","urlTemplate":"https:\/\/premioalmeritoempresarial.com\/?s={search_term_string}"},"query-input":{"@type":"PropertyValueSpecification","valueRequired":true,"valueName":"search_term_string"}}],"inLanguage":"es-CO"},{"@type":"Organization","@id":"https:\/\/premioalmeritoempresarial.com\/#organization","name":"Premio al M\u00e9rito Empresarial Universidad Sim\u00f3n Bol\u00edvar","url":"https:\/\/premioalmeritoempresarial.com\/","logo":{"@type":"ImageObject","inLanguage":"es-CO","@id":"https:\/\/premioalmeritoempresarial.com\/#\/schema\/logo\/image\/","url":"https:\/\/premioalmeritoempresarial.com\/wp-content\/uploads\/2023\/08\/LOGO-PREMIO.webp","contentUrl":"https:\/\/premioalmeritoempresarial.com\/wp-content\/uploads\/2023\/08\/LOGO-PREMIO.webp","width":199,"height":98,"caption":"Premio al M\u00e9rito Empresarial Universidad Sim\u00f3n Bol\u00edvar"},"image":{"@id":"https:\/\/premioalmeritoempresarial.com\/#\/schema\/logo\/image\/"}}]}},"_links":{"self":[{"href":"https:\/\/premioalmeritoempresarial.com\/index.php\/wp-json\/wp\/v2\/pages\/1337","targetHints":{"allow":["GET"]}}],"collection":[{"href":"https:\/\/premioalmeritoempresarial.com\/index.php\/wp-json\/wp\/v2\/pages"}],"about":[{"href":"https:\/\/premioalmeritoempresarial.com\/index.php\/wp-json\/wp\/v2\/types\/page"}],"author":[{"embeddable":true,"href":"https:\/\/premioalmeritoempresarial.com\/index.php\/wp-json\/wp\/v2\/users\/2"}],"replies":[{"embeddable":true,"href":"https:\/\/premioalmeritoempresarial.com\/index.php\/wp-json\/wp\/v2\/comments?post=1337"}],"version-history":[{"count":18,"href":"https:\/\/premioalmeritoempresarial.com\/index.php\/wp-json\/wp\/v2\/pages\/1337\/revisions"}],"predecessor-version":[{"id":5258,"href":"https:\/\/premioalmeritoempresarial.com\/index.php\/wp-json\/wp\/v2\/pages\/1337\/revisions\/5258"}],"wp:attachment":[{"href":"https:\/\/premioalmeritoempresarial.com\/index.php\/wp-json\/wp\/v2\/media?parent=1337"}],"curies":[{"name":"wp","href":"https:\/\/api.w.org\/{rel}","templated":true}]}}